{"id":729,"date":"2011-01-30T19:38:50","date_gmt":"2011-01-31T00:38:50","guid":{"rendered":"http:\/\/anvisible.com\/?page_id=729"},"modified":"2016-01-19T21:54:49","modified_gmt":"2016-01-20T02:54:49","slug":"an","status":"publish","type":"page","link":"https:\/\/anvisible.com\/pt\/introduction\/an\/","title":{"rendered":"Sobre AN"},"content":{"rendered":"<p style=\"text-align: center\"><span style=\"font-size: medium\"><strong><em><span style=\"font-size: small\">Tradu\u00e7\u00e3o Viviane Querino<\/span><\/em><\/p>\n<p><\/strong><\/span><\/p>\n<p style=\"text-align: center\"><span style=\"font-size: medium\"><strong>\u2026 O que \u00e9 AN? \u2026<\/strong><\/span><strong><em><\/em><\/strong><\/p>\n<p style=\"text-align: center\"><strong><em><\/em><\/strong><em><strong>AN \u00e9 pronunciado Ahhn (em portugu\u00eas \u00c3n) ou On. <\/strong><\/em><\/p>\n<p style=\"text-align: center\"><img decoding=\"async\" loading=\"lazy\" class=\"aligncenter size-medium wp-image-347\" src=\"http:\/\/anvisible.com\/wp-content\/blogs.dir\/1\/files\/2011\/12\/TheNewAN-300x300.png\" alt=\"TheNewAN\" width=\"300\" height=\"300\" srcset=\"https:\/\/anvisible.com\/wp-content\/blogs.dir\/1\/files\/2011\/12\/TheNewAN-300x300.png 300w, https:\/\/anvisible.com\/wp-content\/blogs.dir\/1\/files\/2011\/12\/TheNewAN-150x150.png 150w, https:\/\/anvisible.com\/wp-content\/blogs.dir\/1\/files\/2011\/12\/TheNewAN-450x450.png 450w, https:\/\/anvisible.com\/wp-content\/blogs.dir\/1\/files\/2011\/12\/TheNewAN-400x399.png 400w, https:\/\/anvisible.com\/wp-content\/blogs.dir\/1\/files\/2011\/12\/TheNewAN.png 1024w\" sizes=\"(max-width: 300px) 100vw, 300px\" \/><\/p>\n<p><strong>AN \u00e9 o Sol e a Lua fundidos em um Ser \u00danico. A linhagem AN tem estado na Terra desde o in\u00edcio. As civiliza\u00e7\u00f5es antigas dos Eg\u00edpcios, Druidas e Incas vieram da linhagem de AN. Os primeiros governantes destas civiliza\u00e7\u00f5es nasceram a partir do Sol e da Lua.<\/strong><\/p>\n<p><strong>AN depois desapareceu da historia conhecida e s\u00f3 recentemente reapareceu, principalmente atrav\u00e9s dos esfor\u00e7os daqueles com lembran\u00e7a de sua linhagem de AN. Agora \u00e9 a hora de AN se tornar totalmente vis\u00edvel.<\/strong><\/p>\n<p><strong>AN \u00e9 tamb\u00e9m conhecido por aqueles Polin\u00e9sios que mantiveram viva as mem\u00f3rias de virem das estrelas para este planeta nas canoas celestiais. AN \u00e9 conectada com a estrela central do Cintur\u00e3o de \u00d3rion conhecida como Al Nilam e \u00e9 profundamente alinhada com o Portal do 11:11. Isto \u00e9 porque nossa jornada 11:11 nos conduz atrav\u00e9s da estrela central de AN como UM.<\/strong><\/p>\n<p><strong>H\u00e1 Torres de Luz de AN espalhados pelo planeta, embora a maioria delas esteja localizada na Cordilheira dos Andes na Am\u00e9rica do Sul. Os antigos Eg\u00edpcios escreveram sobre estas Torres de Luz de AN no \u201cLivro dos Mortos do Antigo Egito\u201d ou \u201cPapiro de Ani\u201d. Uma vez que o Cora\u00e7\u00e3o de AN \u00e9 estabelecido no plano f\u00edsico, a ativa\u00e7\u00e3o das Torres de Luz de AN ter\u00e1 in\u00edcio.<\/strong><\/p>\n<p><strong>AN \u00e9 a lembran\u00e7a de Unidade da qual todos viemos. Ela desempenha o papel principal no inicio do Novo MUA (novo ciclo maior evolucion\u00e1rio) que oficialmente iniciou em 11\/11\/11. Um Novo Mundo est\u00e1 agora nascendo.<\/strong><\/p>\n<p><strong>No inicio deste Novo Ciclo, os Mundos dentro de Mundos s\u00e3o redefinidos para uma Nova e Verdadeira Funda\u00e7\u00e3o. AN \u00e9 a manifesta\u00e7\u00e3o desta Verdade. AN \u00e9 o florescimento da nossa eterna Hist\u00f3ria Sem Fim de onde n\u00f3s podemos ser QUEM N\u00d3S REALMENTE SOMOS, incorporando Verdade e manifestando-a em todos os n\u00edveis em todos os Mundos. O Cora\u00e7\u00e3o de AN \u00e9 o N\u00facleo da Manifesta\u00e7\u00e3o para a Unidade. \u00c9 um modelo que ser\u00e1 transmitido a partir daqui para todo o Mundo, recriando Verdade em todos os n\u00edveis.<\/strong><\/p>\n<p style=\"text-align: center\"><strong>AN funde elementos anteriormente percebidos como separados.<\/strong><\/p>\n<p style=\"text-align: center\"><strong>AN \u00e9 o conector entre o que foi e o que ser\u00e1.<\/strong><\/p>\n<p style=\"text-align: center\"><strong>Ativando o Cora\u00e7\u00e3o de AN \u00e9 o pr\u00f3ximo passo depois da conclus\u00e3o da nossa jornada atrav\u00e9s do Portal 11:11.<\/strong><\/p>\n<p style=\"text-align: center\"><strong>E isto j\u00e1 come\u00e7ou&#8230;.<\/strong><\/p>","protected":false},"excerpt":{"rendered":"<p>Tradu\u00e7\u00e3o Viviane Querino \u2026 O que \u00e9 AN? \u2026 AN \u00e9 pronunciado Ahhn (em portugu\u00eas \u00c3n) ou On. AN \u00e9 o Sol e a Lua fundidos em um Ser \u00danico. A linhagem AN tem estado na Terra desde o in\u00edcio. As civiliza\u00e7\u00f5es antigas dos Eg\u00edpcios, Druidas e Incas vieram da linhagem de AN. Os primeiros <a class=\"read-more\" href=\"https:\/\/anvisible.com\/pt\/introduction\/an\/\">[ Read More&#8230;. ]<\/a><\/p>\n","protected":false},"author":2,"featured_media":5956,"parent":293,"menu_order":0,"comment_status":"closed","ping_status":"closed","template":"","meta":[],"_links":{"self":[{"href":"https:\/\/anvisible.com\/pt\/wp-json\/wp\/v2\/pages\/729"}],"collection":[{"href":"https:\/\/anvisible.com\/pt\/wp-json\/wp\/v2\/pages"}],"about":[{"href":"https:\/\/anvisible.com\/pt\/wp-json\/wp\/v2\/types\/page"}],"author":[{"embeddable":true,"href":"https:\/\/anvisible.com\/pt\/wp-json\/wp\/v2\/users\/2"}],"replies":[{"embeddable":true,"href":"https:\/\/anvisible.com\/pt\/wp-json\/wp\/v2\/comments?post=729"}],"version-history":[{"count":4,"href":"https:\/\/anvisible.com\/pt\/wp-json\/wp\/v2\/pages\/729\/revisions"}],"predecessor-version":[{"id":5964,"href":"https:\/\/anvisible.com\/pt\/wp-json\/wp\/v2\/pages\/729\/revisions\/5964"}],"up":[{"embeddable":true,"href":"https:\/\/anvisible.com\/pt\/wp-json\/wp\/v2\/pages\/293"}],"wp:featuredmedia":[{"embeddable":true,"href":"https:\/\/anvisible.com\/pt\/wp-json\/wp\/v2\/media\/5956"}],"wp:attachment":[{"href":"https:\/\/anvisible.com\/pt\/wp-json\/wp\/v2\/media?parent=729"}],"curies":[{"name":"wp","href":"https:\/\/api.w.org\/{rel}","templated":true}]}}

<p style="text-align: center"><span style="font-size: medium"><strong><em><span style="font-size: small">Tradução Viviane Querino</span></em></p>
<p></strong></span></p>
<p style="text-align: center"><span style="font-size: medium"><strong>… O que é AN? …</strong></span><strong><em></em></strong></p>
<p style="text-align: center"><strong><em></em></strong><em><strong>AN é pronunciado Ahhn (em português Ãn) ou On. </strong></em></p>
<p style="text-align: center"><img decoding="async" loading="lazy" class="aligncenter size-medium wp-image-347" src="http://anvisible.com/wp-content/blogs.dir/1/files/2011/12/TheNewAN-300x300.png" alt="TheNewAN" width="300" height="300" srcset="https://anvisible.com/wp-content/blogs.dir/1/files/2011/12/TheNewAN-300x300.png 300w, https://anvisible.com/wp-content/blogs.dir/1/files/2011/12/TheNewAN-150x150.png 150w, https://anvisible.com/wp-content/blogs.dir/1/files/2011/12/TheNewAN-450x450.png 450w, https://anvisible.com/wp-content/blogs.dir/1/files/2011/12/TheNewAN-400x399.png 400w, https://anvisible.com/wp-content/blogs.dir/1/files/2011/12/TheNewAN.png 1024w" sizes="(max-width: 300px) 100vw, 300px" /></p>
<p><strong>AN é o Sol e a Lua fundidos em um Ser Único. A linhagem AN tem estado na Terra desde o início. As civilizações antigas dos Egípcios, Druidas e Incas vieram da linhagem de AN. Os primeiros governantes destas civilizações nasceram a partir do Sol e da Lua.</strong></p>
<p><strong>AN depois desapareceu da historia conhecida e só recentemente reapareceu, principalmente através dos esforços daqueles com lembrança de sua linhagem de AN. Agora é a hora de AN se tornar totalmente visível.</strong></p>
<p><strong>AN é também conhecido por aqueles Polinésios que mantiveram viva as memórias de virem das estrelas para este planeta nas canoas celestiais. AN é conectada com a estrela central do Cinturão de Órion conhecida como Al Nilam e é profundamente alinhada com o Portal do 11:11. Isto é porque nossa jornada 11:11 nos conduz através da estrela central de AN como UM.</strong></p>
<p><strong>Há Torres de Luz de AN espalhados pelo planeta, embora a maioria delas esteja localizada na Cordilheira dos Andes na América do Sul. Os antigos Egípcios escreveram sobre estas Torres de Luz de AN no “Livro dos Mortos do Antigo Egito” ou “Papiro de Ani”. Uma vez que o Coração de AN é estabelecido no plano físico, a ativação das Torres de Luz de AN terá início.</strong></p>
<p><strong>AN é a lembrança de Unidade da qual todos viemos. Ela desempenha o papel principal no inicio do Novo MUA (novo ciclo maior evolucionário) que oficialmente iniciou em 11/11/11. Um Novo Mundo está agora nascendo.</strong></p>
<p><strong>No inicio deste Novo Ciclo, os Mundos dentro de Mundos são redefinidos para uma Nova e Verdadeira Fundação. AN é a manifestação desta Verdade. AN é o florescimento da nossa eterna História Sem Fim de onde nós podemos ser QUEM NÓS REALMENTE SOMOS, incorporando Verdade e manifestando-a em todos os níveis em todos os Mundos. O Coração de AN é o Núcleo da Manifestação para a Unidade. É um modelo que será transmitido a partir daqui para todo o Mundo, recriando Verdade em todos os níveis.</strong></p>
<p style="text-align: center"><strong>AN funde elementos anteriormente percebidos como separados.</strong></p>
<p style="text-align: center"><strong>AN é o conector entre o que foi e o que será.</strong></p>
<p style="text-align: center"><strong>Ativando o Coração de AN é o próximo passo depois da conclusão da nossa jornada através do Portal 11:11.</strong></p>
<p style="text-align: center"><strong>E isto já começou&#8230;.</strong></p>

<p>Tradução Viviane Querino … O que é AN? … AN é pronunciado Ahhn (em português Ãn) ou On. AN é o Sol e a Lua fundidos em um Ser Único. A linhagem AN tem estado na Terra desde o início. As civilizações antigas dos Egípcios, Druidas e Incas vieram da linhagem de AN. Os primeiros <a class="read-more" href="https://anvisible.com/pt/introduction/an/">[ Read More&#8230;. ]</a></p>
